{"id":16,"date":"2022-02-22T12:03:48","date_gmt":"2022-02-22T11:03:48","guid":{"rendered":"https:\/\/farmaceut.org\/3hkkf\/?page_id=16"},"modified":"2022-05-23T18:16:47","modified_gmt":"2022-05-23T16:16:47","slug":"osnovne-informacije","status":"publish","type":"page","link":"https:\/\/farmaceut.org\/3hkkf\/osnovne-informacije\/","title":{"rendered":"Osnovne informacije"},"content":{"rendered":"\n<p>3. HRVATSKI KONGRES KLINI\u010cKE FARMACIJE odr\u017eava se u fizi\u010dkom obliku, 09. do 11. lipnja 2022., u hotelu Hilton Garden Inn, Zagreb<\/p>\n\n\n\n<div style=\"height:50px\" aria-hidden=\"true\" class=\"wp-block-spacer\"><\/div>\n\n\n\n<h3 class=\"wp-block-heading\">KOTIZACIJE<\/h3>\n\n\n\n<figure class=\"wp-block-table\"><table><thead><tr><th><strong>PRIJAVE:<\/strong><\/th><th><strong>Kotizacija do 1. travnja 2022.<\/strong><\/th><th><strong>Kotizacija do 15. svibnja 2022.<\/strong><\/th><th><strong>Kotizacija nakon 15. svibnja 2022.<\/strong><\/th><\/tr><\/thead><tbody><tr><td>Sudionici \u010dlanovi HFD-a*<\/td><td>1.800,00 kn<\/td><td>2.250,00 kn<\/td><td>2.700,00 kn<\/td><\/tr><tr><td>Ostali sudionici<\/td><td>2.000,00 kn<\/td><td>2.500,00 kn<\/td><td>3.000,00 kn<\/td><\/tr><tr><td>Izlaga\u010di na izlo\u017ebi<\/td><td>1.875,00 kn<\/td><td>1.875,00 kn<\/td><td>1.875,00 kn<\/td><\/tr><tr><td>Osobe u pratnji<\/td><td>1.875,00 kn<\/td><td>1.875,00 kn<\/td><td>1.875,00 kn<\/td><\/tr><tr><td>Studenti**<\/td><td>875,00 kn<\/td><td>875,00 kn<\/td><td>875,00 kn<\/td><\/tr><tr><td>Studenti** &#8211; jednodnevna kotizacija<\/td><td>375,00 kn<\/td><td>375,00 kn<\/td><td>375,00 kn<\/td><\/tr><\/tbody><\/table><\/figure>\n\n\n\n<p><strong>Doplata za ve\u010deru, 10. lipnja<\/strong>&nbsp;<strong>2022. iznosi 200,00 kn.<\/strong><\/p>\n\n\n\n<p>Kotizacija i doplata uklju\u010duju PDV.<\/p>\n\n\n\n<p><strong>*Informacija o pla\u0107enoj \u010dlanarini za 2022. obvezna<\/strong>.<\/p>\n\n\n\n<p><strong>**Studenti trebaju obavezno prilo\u017eiti potvrdu o poha\u0111anju diplomskog studija, broj studentskih kotizacija je ograni\u010den.<\/strong><\/p>\n\n\n\n<p><strong>Kotizacija za sudionike uklju\u010duje:&nbsp;<\/strong>prisustvovanje predavanjima i radionicama, potvrdnicu, bodovanje HLJK, osvje\u017eenje u stankama, dru\u0161tvene sadr\u017eaje (za ve\u010deru 10. 6. 2022. potrebna je doplata).<\/p>\n\n\n\n<p><strong>Kotizacija za izlaga\u010de i osobe u pratnji uklju\u010duje:&nbsp;<\/strong>dru\u0161tvene sadr\u017eaje (za ve\u010deru 10. 6. 2022. potrebna je doplata).<\/p>\n\n\n\n<div style=\"height:50px\" aria-hidden=\"true\" class=\"wp-block-spacer\"><\/div>\n\n\n\n<h3 class=\"wp-block-heading\">OTKAZIVANJE&nbsp;SUDJELOVANJA<\/h3>\n\n\n\n<ul class=\"wp-block-list\"><li>do 01.05.2022. \u2013 bez naknade<\/li><li>od 20.05.2022. \u2013 350 kn po osobi<\/li><li>od 06.05.2022. \u2013 500 kn po osobi<\/li><li>od 26.05.2022. \u2013 zadr\u017eava se cjelokupni iznos uplate&nbsp;<\/li><\/ul>\n\n\n\n<p>* tro\u0161ak otkazivanja se odnosi na sve usluge koje se otkazuju, po osobi<br>** Studenti su isklju\u010deni iz pla\u0107anja naknada za otkazivanje<\/p>\n\n\n\n<div style=\"height:50px\" aria-hidden=\"true\" class=\"wp-block-spacer\"><\/div>\n\n\n\n<h3 class=\"wp-block-heading\">SA\u017dECI<\/h3>\n\n\n\n<p>Prijava sa\u017eetaka u standardnom obliku obavlja se online, preko online sustava. Sukladno tome, molimo sve da prijave sa\u017eetaka naprave prema uputama koje se nalaze <a href=\"https:\/\/farmaceut.org\/3hkkf\/osnovne-informacije\/sazeci\/\" target=\"_blank\" rel=\"noreferrer noopener\">OVDJE<\/a>.<\/p>\n\n\n\n<div style=\"height:50px\" aria-hidden=\"true\" class=\"wp-block-spacer\"><\/div>\n\n\n\n<h3 class=\"wp-block-heading\">VA\u017dNI DATUMI:<\/h3>\n\n\n\n<figure class=\"wp-block-table\"><table><thead><tr><th>ROKOVI<\/th><th><\/th><\/tr><\/thead><tbody><tr><td>Rok za predaju sa\u017eetaka stru\u010dnih predavanja, sponzoriranih predavanja i sa\u017eetaka e-postera<\/td><td>15. svibnja 2022.<\/td><\/tr><tr><td>Obavijest autorima o prihva\u0107anju sa\u017eetka e-postera<\/td><td>15. svibnja 2022.<\/td><\/tr><tr><td>Rok za predaju e-postera<\/td><td>01. lipnja 2022.<\/td><\/tr><tr><td>Rok za predaju oglasa za digitalnu knjigu sa\u017eetaka<\/td><td>25. svibnja 2022.<\/td><\/tr><tr><td>Rok za pla\u0107anje kotizacije<\/td><td>03. lipnja 2022.<\/td><\/tr><\/tbody><\/table><\/figure>\n\n\n\n<div style=\"height:50px\" aria-hidden=\"true\" class=\"wp-block-spacer\"><\/div>\n\n\n\n<h3 class=\"wp-block-heading\">BODOVANJE<\/h3>\n\n\n\n<p>Sudionici \u0107e za sudjelovanje na 3. HRVATSKOM KONGRESU KLINI\u010cKE FARMACIJE &nbsp;biti bodovani prema Pravilniku Hrvatske ljekarni\u010dke komore o bodovanju:<\/p>\n\n\n\n<ul class=\"wp-block-list\"><li>Za aktivno sudjelovanje 1,5 bod<\/li><li>Za pasivno sudjelovanje 4 boda<\/li><\/ul>\n\n\n\n<div style=\"height:50px\" aria-hidden=\"true\" class=\"wp-block-spacer\"><\/div>\n\n\n\n<h3 class=\"wp-block-heading\">SPONZORSKA IZLO\u017dBA \u2013 SATELITSKI SIMPOZIJI \u2013 OGLA\u0160AVANJE<\/h3>\n\n\n\n<p>Za vrijeme trajanja Kongresa organizirat \u0107e se izlo\u017eba medicinske opreme, proizvoda i lijekova u kongresnom prostoru.<br>Za sve informacije o rezervaciji izlo\u017ebenog prostora, satelitskih simpozija i ogla\u0161avanje molimo kontaktirati Organizatora.<\/p>\n","protected":false},"excerpt":{"rendered":"<p>3. HRVATSKI KONGRES KLINI\u010cKE FARMACIJE odr\u017eava se u fizi\u010dkom obliku, 09. do 11. lipnja 2022., u hotelu Hilton Garden Inn, Zagreb KOTIZACIJE PRIJAVE: Kotizacija do 1. travnja 2022. Kotizacija do 15. svibnja 2022. Kotizacija nakon 15. svibnja 2022. Sudionici \u010dlanovi HFD-a* 1.800,00 kn 2.250,00 kn 2.700,00 kn Ostali sudionici 2.000,00 kn 2.500,00 kn 3.000,00 kn [&hellip;]<\/p>\n","protected":false},"author":220,"featured_media":0,"parent":0,"menu_order":0,"comment_status":"closed","ping_status":"closed","template":"","meta":{"footnotes":""},"class_list":["post-16","page","type-page","status-publish","hentry"],"_links":{"self":[{"href":"https:\/\/farmaceut.org\/3hkkf\/wp-json\/wp\/v2\/pages\/16","targetHints":{"allow":["GET"]}}],"collection":[{"href":"https:\/\/farmaceut.org\/3hkkf\/wp-json\/wp\/v2\/pages"}],"about":[{"href":"https:\/\/farmaceut.org\/3hkkf\/wp-json\/wp\/v2\/types\/page"}],"author":[{"embeddable":true,"href":"https:\/\/farmaceut.org\/3hkkf\/wp-json\/wp\/v2\/users\/220"}],"replies":[{"embeddable":true,"href":"https:\/\/farmaceut.org\/3hkkf\/wp-json\/wp\/v2\/comments?post=16"}],"version-history":[{"count":8,"href":"https:\/\/farmaceut.org\/3hkkf\/wp-json\/wp\/v2\/pages\/16\/revisions"}],"predecessor-version":[{"id":298,"href":"https:\/\/farmaceut.org\/3hkkf\/wp-json\/wp\/v2\/pages\/16\/revisions\/298"}],"wp:attachment":[{"href":"https:\/\/farmaceut.org\/3hkkf\/wp-json\/wp\/v2\/media?parent=16"}],"curies":[{"name":"wp","href":"https:\/\/api.w.org\/{rel}","templated":true}]}}