{"id":130,"date":"2025-04-28T13:22:30","date_gmt":"2025-04-28T11:22:30","guid":{"rendered":"https:\/\/farmaceut.org\/4hkkf\/?page_id=130"},"modified":"2025-05-22T15:24:47","modified_gmt":"2025-05-22T13:24:47","slug":"registracija","status":"publish","type":"page","link":"https:\/\/farmaceut.org\/4hkkf\/registracija\/","title":{"rendered":"Registracija"},"content":{"rendered":"\n<div class=\"wp-block-group has-global-padding is-layout-constrained wp-container-core-group-is-layout-334a2726 wp-block-group-is-layout-constrained\">\n<p>4. HRVATSKI KONGRES KLINI\u010cKE FARMACIJE odr\u017eava se od 16. do 18. listopada 2025., u hotelu Hilton Garden Inn, Zagreb.<\/p>\n\n\n\n<ul style=\"margin-bottom:15px\" class=\"wp-block-list\">\n<li style=\"margin-bottom:5px\">Online registracija je obavezna za sve sudionike<\/li>\n\n\n\n<li style=\"margin-bottom:5px\">Ukoliko ste predava\u010d na Konferenciji potrebna je online registracija<\/li>\n\n\n\n<li style=\"margin-bottom:5px\">Ukoliko va\u0161u registraciju pokriva Sponzor molimo Vas da tako nazna\u010dite tokom registracije<\/li>\n\n\n\n<li>Na mail s kojim ste se prijavili \u0107e pristizati obavijesti o Kongresu<\/li>\n<\/ul>\n<\/div>\n\n\n\n<figure class=\"wp-block-flexible-table-block-table\"><table class=\"has-fixed-layout\"><thead><tr><th style=\"background-color:#7dbf73;text-align:center;width:32%;color:#ffffff\"><strong>PRIJAVE<\/strong><\/th><th style=\"background-color:#7dbf73;text-align:center;color:#ffffff\">Kotizacija<br>do 27. lipnja 2025.<\/th><th style=\"background-color:#7dbf73;text-align:center;color:#ffffff\">Kotizacija<br>do 5. rujna 2025.<\/th><th style=\"background-color:#7dbf73;text-align:center;color:#ffffff\">Kotizacija<br>nakon 5. rujna 2025.<\/th><\/tr><\/thead><tbody><tr><td style=\"width:32%\">Sudionici \u010dlanovi HFD-a*<\/td><td style=\"text-align:center\">300 \u20ac<\/td><td style=\"text-align:center\">360 \u20ac<\/td><td style=\"text-align:center\">440 \u20ac<\/td><\/tr><tr><td style=\"width:32%\">Sudionici<\/td><td style=\"text-align:center\">370 \u20ac<\/td><td style=\"text-align:center\">430 \u20ac<\/td><td style=\"text-align:center\">490 \u20ac<\/td><\/tr><tr><td style=\"width:32%\">Izlaga\u010di na izlo\u017ebi<\/td><td style=\"text-align:center\">340 \u20ac<\/td><td style=\"text-align:center\">380 \u20ac<\/td><td style=\"text-align:center\">420 \u20ac<\/td><\/tr><tr><td style=\"width:32%\">Studenti diplom. studija**<\/td><td style=\"text-align:center\">120 \u20ac<\/td><td style=\"text-align:center\">140 \u20ac<\/td><td style=\"text-align:center\">160 \u20ac<\/td><\/tr><\/tbody><\/table><figcaption style=\"padding-top:10px\"><strong>Doplata za ve\u010deru, 17. listopada 2025. iznosi 24 \u20ac.<\/strong><br><strong>Kotizacija i doplata za ve\u010deru NE uklju\u010duju PDV.<\/strong><br><br><strong>*Informaciju o pla\u0107enoj \u010dlanarini za 2025. obvezno ozna\u010diti na prijavnici.<\/strong><br><strong>**Studenti trebaju obavezno prilo\u017eiti potvrdu o poha\u0111anju diplomskog studija, broj studentskih kotizacija je ograni\u010den.<\/strong><\/figcaption><\/figure>\n\n\n\n<div class=\"wp-block-group has-global-padding is-layout-constrained wp-container-core-group-is-layout-334a2726 wp-block-group-is-layout-constrained\">\n<p><strong>Kotizacija za izlaga\u010de<\/strong> <strong>uklju\u010duje:<\/strong> dru\u0161tvene sadr\u017eaje (za ve\u010deru 17. 10. 2025. potrebna je doplata).<\/p>\n\n\n\n<p><strong>Kotizacija za sudionike uklju\u010duje: <\/strong>prisustvovanje predavanjima i radionicama, potvrdnicu, bodovanje HLJK, osvje\u017eenje u stankama, dru\u0161tvene sadr\u017eaje (za ve\u010deru 17. 10. 2025. potrebna je doplata).<\/p>\n<\/div>\n\n\n\n<div class=\"wp-block-group has-global-padding is-layout-constrained wp-container-core-group-is-layout-334a2726 wp-block-group-is-layout-constrained\">\n<p><strong>OTKAZ KOTIZACIJE:<\/strong><\/p>\n\n\n\n<ul class=\"wp-block-list\">\n<li>Otkaz sudjelovanja do 16. kolovoza 2025. mogu\u0107 je uz puni povrat sredstava.<\/li>\n\n\n\n<li>Za otkaz sudjelovanja od 17. kolovoza do 16. rujna 2025. povrat \u0107e biti umanjen za administracijsku naknadu koja iznosi&nbsp;<strong>80 EUR&nbsp;<\/strong>po sudioniku.<\/li>\n\n\n\n<li>Za otkaz sudjelovanja od 17. rujna 2025. povrat iznosa kotizacije nije mogu\u0107.<\/li>\n<\/ul>\n<\/div>\n\n\n\n<div class=\"wp-block-group has-global-padding is-layout-constrained wp-container-core-group-is-layout-334a2726 wp-block-group-is-layout-constrained\">\n<h2 class=\"wp-block-heading has-x-large-font-size\">Uplata kotizacije i smje\u0161taja<\/h2>\n\n\n\n<p><strong>Rezervacija smje\u0161taja mogu\u0107a je samo uz dokaz o uplati kotizacije!<\/strong><\/p>\n\n\n\n<p><strong>Smje\u0161tajni kapaciteti \u0107e se popunjavati prema primitku rezervacije i uplate, do popunjenja.<\/strong><\/p>\n\n\n\n<div class=\"wp-block-group has-global-padding is-layout-constrained wp-container-core-group-is-layout-334a2726 wp-block-group-is-layout-constrained\">\n<p><strong><a href=\"https:\/\/www.hilton.com\/en\/hotels\/zagpagi-hilton-garden-inn-zagreb-radnicka\/\" target=\"_blank\" rel=\"noreferrer noopener\">HOTEL HILTON GARDEN INN, Radni\u010dka cesta 21, Zagreb<\/a><\/strong><\/p>\n\n\n\n<p><strong>DATUM 16.10.-18.10.2025<\/strong><\/p>\n<\/div>\n\n\n\n<figure class=\"wp-block-flexible-table-block-table tablica-rokova\" style=\"margin-bottom:15px\"><table class=\"has-fixed-layout\"><thead><tr><th style=\"text-align:center;width:50%;background-color:#7dbf73;color:#ffffff\">VRSTA SOBE<\/th><th style=\"text-align:center;background-color:#7dbf73;color:#ffffff\">CIJENA SOBE PO NO\u0106I<\/th><\/tr><\/thead><tbody><tr><td style=\"width:30%\">Standardna soba &#8211; jednokrevetna<\/td><td style=\"text-align:center\">136,86 EUR<\/td><\/tr><tr><td style=\"width:30%\">Standardna soba &#8211; dvokrevetna<\/td><td style=\"text-align:center\">148,72 EUR<\/td><\/tr><\/tbody><\/table><\/figure>\n\n\n\n<div class=\"wp-block-group has-global-padding is-layout-constrained wp-container-core-group-is-layout-334a2726 wp-block-group-is-layout-constrained\">\n<p>Navedene cijene uklju\u010duju smje\u0161taj u standardnoj sobi za jednu ili dvije osobe, boravi\u0161nu pristojbu, bife doru\u010dak, brzi internet u sobama i svim prostorima hotela te kori\u0161tenje fitness centra bez naknade.<\/p>\n\n\n\n<p>Cijena parkinga po satu 2 \u20ac te 20 \u20ac po danu.<\/p>\n\n\n\n<p><strong>Va\u017eno:<\/strong>&nbsp;u slu\u010daju da sudionik nije u mogu\u0107nosti sudjelovati na konferenciji, potrebno je pisanim putem obavijestiti tehni\u010dkog organizatora na email&nbsp;<a href=\"mailto:antonio.naranca@penta-zagreb.hr\">antonio.naranca@penta-zagreb.hr<\/a>.<\/p>\n\n\n\n<p><strong>OTKAZ SMJE\u0160TAJA:<\/strong><\/p>\n\n\n\n<ul class=\"wp-block-list\">\n<li>Otkaz smje\u0161taja do 16. kolovoza 2025. mogu\u0107e je uz puni povrat sredstava.<\/li>\n\n\n\n<li>Otkaz smje\u0161taja od 17. kolovoza do 16. rujna 2025. je mogu\u0107, uz napomenu da \u0107e biti napla\u0107eni tro\u0161kovi prvog no\u0107enja.<\/li>\n\n\n\n<li>Za otkaz smje\u0161taja od 17. rujna 2025., u slu\u010daju nedolaska u hotel, kasnijeg dolaska ili ranijeg odlaska, sudionik je du\u017ean pokriti tro\u0161kove cjelokupnog smje\u0161taja.<\/li>\n\n\n\n<li>U slu\u010daju kasnijeg dolaska u hotel od planiranog (odnosi se na datum dolaska), potrebno je navedeno javiti hotelu ili organizatoru. U slu\u010daju nejavljanja postoji mogu\u0107nost da \u0107e smje\u0161taj biti napla\u0107en, a ne\u0107e vi\u0161e biti na raspolaganju.<\/li>\n<\/ul>\n<\/div>\n<\/div>\n\n\n\n<div class=\"wp-block-group has-global-padding is-layout-constrained wp-container-core-group-is-layout-dadd0ff5 wp-block-group-is-layout-constrained\">\n<h2 class=\"wp-block-heading has-x-large-font-size\">Registracija<\/h2>\n\n\n<form action=\"https:\/\/farmaceut.org\/4hkkf\/wp-json\/ws-form\/v1\/submit\" class=\"wsf-form wsf-form-canvas\" id=\"ws-form-1\" data-id=\"1\"  data-instance-id=\"1\"  method=\"POST\" data-wsf-style-id=\"1\"><\/form>\n<\/div>\n","protected":false},"excerpt":{"rendered":"<p>4. HRVATSKI KONGRES KLINI\u010cKE FARMACIJE odr\u017eava se od 16. do 18. listopada 2025., u hotelu Hilton Garden Inn, Zagreb. Kotizacija za izlaga\u010de uklju\u010duje: dru\u0161tvene sadr\u017eaje (za ve\u010deru 17. 10. 2025. potrebna je doplata). Kotizacija za sudionike uklju\u010duje: prisustvovanje predavanjima i radionicama, potvrdnicu, bodovanje HLJK, osvje\u017eenje u stankama, dru\u0161tvene sadr\u017eaje (za ve\u010deru 17. 10. 2025. potrebna [&hellip;]<\/p>\n","protected":false},"author":6,"featured_media":0,"parent":0,"menu_order":0,"comment_status":"closed","ping_status":"closed","template":"","meta":{"footnotes":""},"class_list":["post-130","page","type-page","status-publish","hentry"],"_links":{"self":[{"href":"https:\/\/farmaceut.org\/4hkkf\/wp-json\/wp\/v2\/pages\/130","targetHints":{"allow":["GET"]}}],"collection":[{"href":"https:\/\/farmaceut.org\/4hkkf\/wp-json\/wp\/v2\/pages"}],"about":[{"href":"https:\/\/farmaceut.org\/4hkkf\/wp-json\/wp\/v2\/types\/page"}],"author":[{"embeddable":true,"href":"https:\/\/farmaceut.org\/4hkkf\/wp-json\/wp\/v2\/users\/6"}],"replies":[{"embeddable":true,"href":"https:\/\/farmaceut.org\/4hkkf\/wp-json\/wp\/v2\/comments?post=130"}],"version-history":[{"count":10,"href":"https:\/\/farmaceut.org\/4hkkf\/wp-json\/wp\/v2\/pages\/130\/revisions"}],"predecessor-version":[{"id":279,"href":"https:\/\/farmaceut.org\/4hkkf\/wp-json\/wp\/v2\/pages\/130\/revisions\/279"}],"wp:attachment":[{"href":"https:\/\/farmaceut.org\/4hkkf\/wp-json\/wp\/v2\/media?parent=130"}],"curies":[{"name":"wp","href":"https:\/\/api.w.org\/{rel}","templated":true}]}}