{"id":39,"date":"2025-03-19T10:42:49","date_gmt":"2025-03-19T09:42:49","guid":{"rendered":"https:\/\/farmaceut.org\/4hkkf\/?page_id=39"},"modified":"2025-04-29T09:12:38","modified_gmt":"2025-04-29T07:12:38","slug":"dobrodosli","status":"publish","type":"page","link":"https:\/\/farmaceut.org\/4hkkf\/","title":{"rendered":"Dobrodo\u0161li"},"content":{"rendered":"\n<div class=\"wp-block-group has-global-padding is-layout-constrained wp-container-core-group-is-layout-334a2726 wp-block-group-is-layout-constrained\">\n<p>DOBRO DO\u0160LI NA \u010cETVRTI HRVATSKI KONGRES KLINI\u010cKE FARMACIJE S ME\u0110UNARODNIM SUDJELOVANJEM U ZAGREBU!<\/p>\n\n\n\n<p>Cijenjeni sudionici Kongresa,<\/p>\n\n\n\n<p>\u010dast nam je i zadovoljstvo za\u017eeljeti vam srda\u010dnu dobrodo\u0161licu na\u00a0<strong>4. hrvatski kongres\u00a0klini\u010dke\u00a0farmacije s me\u0111unarodnim sudjelovanjem<\/strong>. Vjerujemo da \u0107e ovaj, ve\u0107 tradicionalan kongres, biti uspje\u0161an po sadr\u017eaju i pozitivnom utjecaju na daljnji razvoj klini\u010dke farmacije u Hrvatskoj.<\/p>\n\n\n\n<p>Kongres se odr\u017eava pod pokroviteljstvom Ministarstva zdravstva i Ministarstva znanosti i obrazovanja Republike Hrvatske. Izuzetna nam je \u010dast da su se pozivu odazvali \u010delnici visokih dr\u017eavnih institucija, farmaceutske industrije te na\u0161i istaknuti stru\u010dnjaci. Kongresi klini\u010dke farmacije su dosada zabilje\u017eili velik interes i visoku posje\u0107enost. Predava\u010di su me\u0111u ostalima bili profesori Farmaceutsko-biokemijskog fakulteta, Medicinskog fakulteta, specijalisti klini\u010dke farmacije i lije\u010dnici specijalisti iz razli\u010ditih grana medicine.<\/p>\n\n\n\n<p>Klini\u010dka farmacija u svijetu i kod nas dominantan je smjer razvoja farmaceutske struke, javnog i bolni\u010dkog ljekarni\u0161tva. Jedan od temeljnih ciljeva klini\u010dke farmacije je pove\u0107ati kvalitetu propisivanja lijekova, kvalitetu upravljanja farmakoterapijom te optimizirati lije\u010denje sukladno individualiziranim potrebama i karakteristikama pacijenta i bolesti. Usavr\u0161avanjem znanja i vje\u0161tina iz podru\u010dja klini\u010dke farmacije, hrvatsko ljekarni\u0161tvo mo\u017ee dodatno osloboditi vlastite stru\u010dne potencijale i dati golem doprinos unaprje\u0111enju hrvatskog zdravstvenog sustava, pobolj\u0161anju ishoda lije\u010denja i sigurnosti bolesnika. Implementacija klini\u010dke farmacije podi\u017ee kvalitetu zdravstvenog sustava. Stoga su organizacijski i znanstveni odbor za sredi\u0161nju temu kongresa odabrali \u201eIzvrsnost i novi smjerovi u klini\u010dkoj farmaciji\u201c i pripremili program koji obuhva\u0107a prikaz dosada\u0161njih najboljih iskustava iz zemlje i inozemstva.<\/p>\n\n\n\n<p>I 4. hrvatski kongres klini\u010dke farmacije ima u planu okupiti eminentne stru\u010dnjake iz razli\u010ditih podru\u010dja farmakoterapije iz Hrvatske i iz drugih zemalja. Kongres \u0107e obuhvatiti teme iz podru\u010dja upravljanja farmakoterapijom i komplikacijama kardiovaskularnih bolesti, hematolo\u0161kih bolesti, nefrolo\u0161kih bolesti, infektivnih bolesti te upalnih bolesti u gastroenterologiji i reumatologiji. Tako\u0111er \u0107e biti prikazane i novosti iz podru\u010dja genske terapije. Suradnja svih stru\u010dnjaka u zdravstvu je prioritet i neophodnost kako bi se postiglo uspje\u0161nije i sigurnije lije\u010denje pacijenta.<\/p>\n\n\n\n<p>Vjerujemo i nadamo se da \u0107e ovaj Kongres pridonijeti boljem razumijevanju potencijala i uloge klini\u010dkog farmaceuta i rje\u0161avanju izazova u praksi bolni\u010dkih i javnih ljekarnika u Hrvatskoj. Najve\u0107i izazov s kojim se klini\u010dka farmacija trenuta\u010dno suo\u010dava je potreba da se u suradnji s Hrvatskim zavodom za zdravstveno osiguranje implementiraju usluge klini\u010dke farmacije u zdravstveni sustav. Va\u017eno je da zakonodavstvo prati najnovija dostignu\u0107a struke kako bi joj omogu\u0107ilo br\u017ei daljnji razvoj na dobrobit na\u0161ih pacijenata, struke i zdravstvenog sustava. Sigurni smo da \u0107e ovaj Kongres doprinijeti uspje\u0161nom prepoznavanju i vrednovanju usluga klini\u010dkog farmaceuta.<\/p>\n\n\n\n<p>Uvjereni smo da \u0107e svatko od vas u sveobuhvatnom programu, sastavljenom od dvadesetak predavanja, 6 radionica te 8 usmenih izlaganja, prona\u0107i zanimljive i korisne sadr\u017eaje. Poti\u010demo vas da aktivno sudjelujete u radu Kongresa putem rasprava i radionica, te razmjenom iskustava i znanja pridonesete njegovu uspjehu.<\/p>\n\n\n\n<p>Uz radni dio Kongresa pripremili smo i dru\u0161tvene sadr\u017eaje za ugodne susrete i neformalna dru\u017eenja s kolegama, prijateljima i poslovnim partnerima te stjecanje novih poznanstava. Zahvaljujemo vam na sudjelovanju, visokim dr\u017eavnim institucijama na pokroviteljstvu, pozvanim predava\u010dima na odazivu i podr\u0161ci, aktivnim sudionicima na pripremi radova, izlaga\u010dima na prate\u0107oj farmaceutskoj izlo\u017ebi te sponzorima na pomo\u0107i pri organizaciji.<\/p>\n\n\n\n<p>Veselimo se va\u0161em dolasku i dru\u017eenju tijekom Kongresa!<\/p>\n\n\n\n<div class=\"wp-block-group has-global-padding is-content-justification-center is-layout-constrained wp-container-core-group-is-layout-78267832 wp-block-group-is-layout-constrained\">\n<p class=\"has-text-align-right\">Predsjednica organizacijskog odbora<\/p>\n\n\n\n<p class=\"has-text-align-right\">doc. dr. sc. Ivana Marinovi\u0107, spec. klini\u010dke farmacije<\/p>\n\n\n\n<figure class=\"wp-block-image alignright size-full\"><img loading=\"lazy\" decoding=\"async\" width=\"337\" height=\"91\" src=\"https:\/\/farmaceut.org\/4hkkf\/wp-content\/uploads\/2025\/04\/potpis-predsjednice.png\" alt=\"\" class=\"wp-image-181\" srcset=\"https:\/\/farmaceut.org\/4hkkf\/wp-content\/uploads\/2025\/04\/potpis-predsjednice.png 337w, https:\/\/farmaceut.org\/4hkkf\/wp-content\/uploads\/2025\/04\/potpis-predsjednice-300x81.png 300w\" sizes=\"auto, (max-width: 337px) 100vw, 337px\" \/><\/figure>\n<\/div>\n<\/div>\n","protected":false},"excerpt":{"rendered":"<p>DOBRO DO\u0160LI NA \u010cETVRTI HRVATSKI KONGRES KLINI\u010cKE FARMACIJE S ME\u0110UNARODNIM SUDJELOVANJEM U ZAGREBU! Cijenjeni sudionici Kongresa, \u010dast nam je i zadovoljstvo za\u017eeljeti vam srda\u010dnu dobrodo\u0161licu na\u00a04. hrvatski kongres\u00a0klini\u010dke\u00a0farmacije s me\u0111unarodnim sudjelovanjem. Vjerujemo da \u0107e ovaj, ve\u0107 tradicionalan kongres, biti uspje\u0161an po sadr\u017eaju i pozitivnom utjecaju na daljnji razvoj klini\u010dke farmacije u Hrvatskoj. Kongres se odr\u017eava [&hellip;]<\/p>\n","protected":false},"author":6,"featured_media":0,"parent":0,"menu_order":0,"comment_status":"closed","ping_status":"closed","template":"","meta":{"footnotes":""},"class_list":["post-39","page","type-page","status-publish","hentry"],"_links":{"self":[{"href":"https:\/\/farmaceut.org\/4hkkf\/wp-json\/wp\/v2\/pages\/39","targetHints":{"allow":["GET"]}}],"collection":[{"href":"https:\/\/farmaceut.org\/4hkkf\/wp-json\/wp\/v2\/pages"}],"about":[{"href":"https:\/\/farmaceut.org\/4hkkf\/wp-json\/wp\/v2\/types\/page"}],"author":[{"embeddable":true,"href":"https:\/\/farmaceut.org\/4hkkf\/wp-json\/wp\/v2\/users\/6"}],"replies":[{"embeddable":true,"href":"https:\/\/farmaceut.org\/4hkkf\/wp-json\/wp\/v2\/comments?post=39"}],"version-history":[{"count":4,"href":"https:\/\/farmaceut.org\/4hkkf\/wp-json\/wp\/v2\/pages\/39\/revisions"}],"predecessor-version":[{"id":182,"href":"https:\/\/farmaceut.org\/4hkkf\/wp-json\/wp\/v2\/pages\/39\/revisions\/182"}],"wp:attachment":[{"href":"https:\/\/farmaceut.org\/4hkkf\/wp-json\/wp\/v2\/media?parent=39"}],"curies":[{"name":"wp","href":"https:\/\/api.w.org\/{rel}","templated":true}]}}