{"id":45,"date":"2025-03-19T10:43:59","date_gmt":"2025-03-19T09:43:59","guid":{"rendered":"https:\/\/farmaceut.org\/4hkkf\/?page_id=45"},"modified":"2025-09-17T12:55:37","modified_gmt":"2025-09-17T10:55:37","slug":"sazeci-i-e-posteri","status":"publish","type":"page","link":"https:\/\/farmaceut.org\/4hkkf\/sazeci-i-e-posteri\/","title":{"rendered":"Sa\u017eeci i e-posteri"},"content":{"rendered":"\n<div class=\"wp-block-group has-global-padding is-layout-constrained wp-container-core-group-is-layout-334a2726 wp-block-group-is-layout-constrained\">\n<p>Upute za predaju sa\u017eetaka za&nbsp;<strong>4. HRVATSKI KONGRES KLINI\u010cKE FARMACIJE.<\/strong><\/p>\n\n\n\n<p>Prijava sa\u017eetaka u standardnom obliku obavlja se online, preko online sustava. Sukladno tome, molimo sve da prijave sa\u017eetaka naprave prema uputama u nastavku.<\/p>\n\n\n\n<p>Molimo, pridr\u017eavajte se zadanih rokova za prijavu, jer svi sa\u017eetci moraju biti odobreni prije pripreme za tisak.<\/p>\n\n\n\n<p>Svi odobreni sa\u017eetci predavanja i e-posteri bit \u0107e objavljeni u&nbsp;<strong>Knjizi sa\u017eetaka<\/strong>&nbsp;te moraju biti napisani na hrvatskom ili engleskom jeziku uz popis kori\u0161tene literature.<\/p>\n\n\n\n<p><strong>Odgovornost za stru\u010dnu i jezi\u010dnu primjerenost svih sa\u017eetaka preuzimaju autori.<\/strong><\/p>\n\n\n\n<p>Pozivamo kolegice i kolege da aktivno sudjeluju na Kongresu putem usmenih prezentacija ili\/i putem e-postera, za \u0161to je potrebno do nazna\u010denog datuma poslati sa\u017eetak usmenog ili\/i posterskog izlaganja. E- posteri bit \u0107e dostupni za pregledavanje na postavljenim monitorima pored kongresne dvorane tijekom trajanja Kongresa.<\/p>\n\n\n\n<p><strong>Napomena: slanje sa\u017eetaka ne&nbsp;podrazumijeva ujedno i prijavu za sudjelovanje<\/strong>.<\/p>\n\n\n\n<figure class=\"wp-block-flexible-table-block-table is-style-tw-border-h-inner tablica-rokova\" style=\"margin-top:var(--wp--preset--spacing--x-small);margin-bottom:var(--wp--preset--spacing--x-small)\"><table class=\"\"><thead><tr><th colspan=\"2\" style=\"background-color:#7dbf73;text-align:center;color:#ffffff\">ROKOVI<\/th><\/tr><\/thead><tbody><tr><td>Rok za predaju sa\u017eetaka stru\u010dnih predavanja i sa\u017eetaka e-postera<\/td><td style=\"width:160px;text-align:center\">31. kolovoza 2025.<\/td><\/tr><tr><td>Obavijest autorima o prihva\u0107anju sa\u017eetka usmenih prezentacija i prihva\u0107anja e-postera&nbsp;<\/td><td style=\"width:160px;text-align:center\">5. rujna 2025.<\/td><\/tr><tr><td>Rok za predaju sa\u017eetaka sponzoriranih predavanja<\/td><td style=\"width:160px;text-align:center\">1. rujna 2025.<\/td><\/tr><tr><td>Rok za predaju e-postera<\/td><td style=\"width:160px;text-align:center\">29. rujna 2025.<\/td><\/tr><tr><td>Rok za predaju oglasa za digitalnu knjigu sa\u017eetaka<\/td><td style=\"width:160px;text-align:center\">5. rujna 2025.<\/td><\/tr><tr><td>Rok za pla\u0107anje kotizacije<\/td><td style=\"text-align:center\">3. listopada 2025.<\/td><\/tr><\/tbody><\/table><\/figure>\n\n\n\n<p><strong>Upute za pisanje sa\u017eetaka:<\/strong><\/p>\n\n\n\n<ul class=\"wp-block-list\">\n<li style=\"margin-bottom:5px\">sa\u017eetak pisati na hrvatskom jeziku (s obveznim i engleskim naslovom) ili na engleskom jeziku (s obveznim i hrvatskim naslovom)<\/li>\n\n\n\n<li style=\"margin-bottom:5px\">naslov \u2013 na hrvatskom ili engleskom jeziku \u2013 velikim slovima<\/li>\n\n\n\n<li style=\"margin-bottom:5px\">ime i prezime autora i koautora pisati bez titula<\/li>\n\n\n\n<li style=\"margin-bottom:5px\">potrebno je podcrtati ime i prezime autora koji \u0107e izlagati rad<\/li>\n\n\n\n<li style=\"margin-bottom:5px\">navesti slu\u017ebeni naziv i adresu institucije te e-mail adresu autora i koautora na hrvatskom jeziku (ustanova, ulica, grad, e-mail)<\/li>\n\n\n\n<li style=\"margin-bottom:5px\">numeri\u010dki povezati autora i instituciju<\/li>\n\n\n\n<li style=\"margin-bottom:5px\">sa\u017eetak treba biti strukturirani (izuzev pozvanih predavanja), uz nagla\u0161ene podnaslove, masno otisnute (<em>engl. bold<\/em>);\n<ul style=\"margin-top:0;margin-bottom:0\" class=\"wp-block-list\">\n<li>struktura sa\u017eetka za istra\u017eiva\u010dki rad: <strong>Uvod rada, Svrha rada, Metode, Rezultati, Zaklju\u010dak<\/strong><\/li>\n\n\n\n<li>struktura sa\u017eetka za radionicu: <strong>Uvod, Cilj, Na\u010din izvo\u0111enja, Ishodi u\u010denja<\/strong><\/li>\n\n\n\n<li>struktura sa\u017eetka za prikaz klini\u010dkog slu\u010daja: <strong>Uvod (pozadina), Prikaz slu\u010daja, Rasprava, Zaklju\u010dak<\/strong><\/li>\n<\/ul>\n<\/li>\n\n\n\n<li style=\"margin-bottom:5px\">sa\u017eetak sponzoriranih predavanja ne treba biti strukturiran<\/li>\n\n\n\n<li style=\"margin-bottom:5px\">literaturu navesti na kraju teksta, prema Vancouverskim pravilima<\/li>\n\n\n\n<li style=\"margin-bottom:5px\">reference nije potrebno numeri\u010dki navoditi u tekstu sa\u017eetka<\/li>\n\n\n\n<li style=\"margin-bottom:5px\">koristiti font Times New Roman, veli\u010dina 12<\/li>\n\n\n\n<li style=\"margin-bottom:5px\">opseg sa\u017eetka: max 3000 znakova s razmacima (bez naslova, autora i afilijacija) <\/li>\n\n\n\n<li>klju\u010dne rije\u010di: 3 do 6 rije\u010di ili fraza, odvojenih<\/li>\n\n\n\n<li>potrebno je navesti vrstu predanog sa\u017eetka: istra\u017eiva\u010dki rad \/prikaz klini\u010dkog slu\u010daja\/radionica te na\u010din izlaganja: usmeni\/poster<\/li>\n<\/ul>\n\n\n\n<p><strong>Napomena!<\/strong><\/p>\n\n\n\n<p>Sa\u017eetci ne\u0107e biti lektorirani \u2013 za jezi\u010dnu i sadr\u017eajnu ispravnost odgovara autor.<\/p>\n\n\n\n<p>Ukoliko imate pote\u0161ko\u0107a s online prijavom sa\u017eetka, molimo Vas da nam ga po\u0161aljete na mail <a href=\"mailto:nina.dadic@penta-zagreb.hr\" target=\"_blank\" rel=\"noreferrer noopener\">nina.dadic@penta-zagreb.hr<\/a> skupa sa svim informacijama.<\/p>\n\n\n\n<p><strong>Upute za pripremu e-postera:<\/strong><\/p>\n\n\n\n<ul class=\"wp-block-list\">\n<li style=\"margin-bottom:5px\">poster mora biti pisan na hrvatskom jeziku<\/li>\n\n\n\n<li style=\"margin-bottom:5px\">online slanje e-postera biti \u0107e mogu\u0107e tek nakon \u0161to Organizacijski odbor donese odluku o prihva\u0107enim sa\u017eetcima o \u010demu \u0107ete biti pravovremeno obavije\u0161teni<\/li>\n\n\n\n<li style=\"margin-bottom:5px\">svaki e-poster mora biti predan online. Autori koji su ve\u0107 predali svoj sa\u017eetak online moraju se prijaviti na sustav sa svojim korisni\u010dkim imenom i lozinkom. Nakon prijave potrebno je kliknuti na \u201cAbstract submission\u201d. Za svaki prijavljeni sa\u017eetak pojavit \u0107e se gumb \u201cUpload\u201d<\/li>\n\n\n\n<li>svaki e-poster mora biti predan od iste osobe (korisni\u010dkog ra\u010duna) koja je predala sa\u017eetak<\/li>\n<\/ul>\n\n\n\n<p>Svi odobreni posteri biti \u0107e prikazani u elektronskom obliku (e-posteri) na monitorima tokom odr\u017eavanja Konferencije.<\/p>\n\n\n\n<p><strong>Spremanje e-postera u .jpg \/ .png formatu:<\/strong><\/p>\n\n\n\n<ul class=\"wp-block-list\">\n<li style=\"margin-bottom:5px\">dimenzije e-postera moraju biti 1920\u00d71080 piksela (pejza\u017eni format).<\/li>\n\n\n\n<li style=\"margin-bottom:5px\">molimo da ne koristite fontove manje veli\u010dine od 10pt.<\/li>\n\n\n\n<li>veli\u010dina datoteke mora biti manja od 20 MB.<\/li>\n<\/ul>\n\n\n\n<p><strong><strong>Spremanje e-postera izra\u0111enog u PowerPoint formatu (Save As .jpg \/ .png):<\/strong><\/strong><\/p>\n\n\n\n<ul class=\"wp-block-list\">\n<li style=\"margin-bottom:5px\">e-poster mora sadr\u017eavati SAMO JEDAN slide na kojem je prikazan cijeli sadr\u017eaj postera.<\/li>\n\n\n\n<li style=\"margin-bottom:5px\">molimo da ne koristite fontove manje veli\u010dine od 10pt.<\/li>\n\n\n\n<li style=\"margin-bottom:5px\">veli\u010dina datoteke mora biti manja od 20 MB.<\/li>\n\n\n\n<li style=\"margin-bottom:5px\">dozvoljen je samo jedan e-poster po sa\u017eetku<\/li>\n\n\n\n<li>e-posteri ne smiju sadr\u017eavati audio \/ video zapise ili pokretne slike.<\/li>\n<\/ul>\n\n\n\n<p>Kako bi e-poster prilikom spremanja odgovarao potrebnim dimenzijama, mo\u017eete&nbsp;preuzeti <a href=\"https:\/\/farmaceut.org\/4hkkf\/wp-content\/uploads\/2025\/03\/e-poster-template.ppt\">prazni predlo\u017eak e-postera<\/a>.<\/p>\n\n\n\n<div class=\"wp-block-buttons is-content-justification-center is-layout-flex wp-container-core-buttons-is-layout-a89b3969 wp-block-buttons-is-layout-flex\">\n<div class=\"wp-block-button\"><a class=\"wp-block-button__link wp-element-button\" href=\"https:\/\/registration.penta-pco.com\/system\/openEvent.php?eventID=18268&amp;Language=Hrvatski\">Prijava sa\u017eetaka<\/a><\/div>\n<\/div>\n<\/div>\n","protected":false},"excerpt":{"rendered":"<p>Upute za predaju sa\u017eetaka za&nbsp;4. HRVATSKI KONGRES KLINI\u010cKE FARMACIJE. Prijava sa\u017eetaka u standardnom obliku obavlja se online, preko online sustava. Sukladno tome, molimo sve da prijave sa\u017eetaka naprave prema uputama u nastavku. Molimo, pridr\u017eavajte se zadanih rokova za prijavu, jer svi sa\u017eetci moraju biti odobreni prije pripreme za tisak. Svi odobreni sa\u017eetci predavanja i e-posteri [&hellip;]<\/p>\n","protected":false},"author":6,"featured_media":0,"parent":0,"menu_order":0,"comment_status":"closed","ping_status":"closed","template":"","meta":{"footnotes":""},"class_list":["post-45","page","type-page","status-publish","hentry"],"_links":{"self":[{"href":"https:\/\/farmaceut.org\/4hkkf\/wp-json\/wp\/v2\/pages\/45","targetHints":{"allow":["GET"]}}],"collection":[{"href":"https:\/\/farmaceut.org\/4hkkf\/wp-json\/wp\/v2\/pages"}],"about":[{"href":"https:\/\/farmaceut.org\/4hkkf\/wp-json\/wp\/v2\/types\/page"}],"author":[{"embeddable":true,"href":"https:\/\/farmaceut.org\/4hkkf\/wp-json\/wp\/v2\/users\/6"}],"replies":[{"embeddable":true,"href":"https:\/\/farmaceut.org\/4hkkf\/wp-json\/wp\/v2\/comments?post=45"}],"version-history":[{"count":13,"href":"https:\/\/farmaceut.org\/4hkkf\/wp-json\/wp\/v2\/pages\/45\/revisions"}],"predecessor-version":[{"id":324,"href":"https:\/\/farmaceut.org\/4hkkf\/wp-json\/wp\/v2\/pages\/45\/revisions\/324"}],"wp:attachment":[{"href":"https:\/\/farmaceut.org\/4hkkf\/wp-json\/wp\/v2\/media?parent=45"}],"curies":[{"name":"wp","href":"https:\/\/api.w.org\/{rel}","templated":true}]}}