{"id":22,"date":"2022-07-21T11:44:10","date_gmt":"2022-07-21T09:44:10","guid":{"rendered":"https:\/\/farmaceut.org\/7kongres\/organizator\/"},"modified":"2024-02-22T08:53:07","modified_gmt":"2024-02-22T07:53:07","slug":"organizator","status":"publish","type":"page","link":"https:\/\/farmaceut.org\/7kongres\/organizator\/","title":{"rendered":"Organizator"},"content":{"rendered":"\n<div style=\"height:20px\" aria-hidden=\"true\" class=\"wp-block-spacer\"><\/div>\n\n\n\n<div class=\"wp-block-gutena-tabs gutena-tabs-block gutena-tabs-block-220f16-8c\"><ul class=\"gutena-tabs-tab tab-left\"><li class=\"gutena-tab-title active\" data-tab=\"1\"><div class=\"gutena-tab-title-content icon-top\"><div class=\"gutena-tab-title-text\"><div>Organizator<\/div><\/div><\/div><\/li><li class=\"gutena-tab-title inactive\" data-tab=\"2\"><div class=\"gutena-tab-title-content icon-top\"><div class=\"gutena-tab-title-text\"><div>Organizacijski odbor<\/div><\/div><\/div><\/li><li class=\"gutena-tab-title inactive\" data-tab=\"3\"><div class=\"gutena-tab-title-content icon-top\"><div class=\"gutena-tab-title-text\"><div>Znanstveno-stru\u010dni odbor<\/div><\/div><\/div><\/li><li class=\"gutena-tab-title inactive\" data-tab=\"4\"><div class=\"gutena-tab-title-content icon-top\"><div class=\"gutena-tab-title-text\"><div>Kontakt<\/div><\/div><\/div><\/li><\/ul><div class=\"gutena-tabs-content is-layout-flow wp-block-gutena-tabs-is-layout-flow\">\n<div class=\"wp-block-gutena-tab gutena-tab-block gutena-tab-block-cdbec6-ac active\" data-tab=\"1\">\n<p><strong>HRVATSKO FARMACEUTSKO DRU\u0160TVO<br>CROATIAN PHARMACEUTICAL SOCIETY<\/strong><br>Masarykova 2<br>10000 Zagreb<br>Croatia<\/p>\n\n\n\n<p>Tel: +385 1 48 72 849<br>Fax: +385 1 48 72 853<\/p>\n\n\n\n<p>OIB: 78917453386<br>IBAN: HR8923600001101367614<br>Web:&nbsp;<a href=\"https:\/\/farmaceut.org\/\" target=\"_blank\" rel=\"noopener\">farmaceut.org<\/a><br>E-mail:&nbsp;<a href=\"mailto:info@farmaceut.org\">info@farmaceut.org<\/a><br>Facebok:&nbsp;<a href=\"https:\/\/www.facebook.com\/Hrvatsko-farmaceutsko-dru%C5%A1tvo-290810467645602\/\" target=\"_blank\" rel=\"noopener\">Hrvatsko farmaceutsko dru\u0161tvo<\/a><br>Linked In:&nbsp;<a href=\"https:\/\/www.linkedin.com\/company\/10607205?trk=tyah&amp;trkInfo=clickedVertical%3Acompany%2CclickedEntityId%3A10607205%2Cidx%3A2-1-2%2CtarId%3A1461070272328%2Ctas%3Ahrvatsko%20farm\" target=\"_blank\" rel=\"noopener\">Hrvatsko farmaceutsko dru\u0161tvo<\/a><\/p>\n<\/div>\n\n\n\n<div class=\"wp-block-gutena-tab gutena-tab-block gutena-tab-block-5d919f-6f inactive\" data-tab=\"2\">\n<p><strong>Predsjednica:<br><\/strong>Vesna Ba\u010di\u0107 Vrca<\/p>\n\n\n\n<p><strong>\u010clanovi:<br><\/strong>Dario Bri\u0161ki<br>Marina Carevi\u0107<br>Maja Jak\u0161evac Mik\u0161a<br>Maja Ortner Had\u017eiabdi\u0107<\/p>\n<\/div>\n\n\n\n<div class=\"wp-block-gutena-tab gutena-tab-block gutena-tab-block-6d3971-dd inactive\" data-tab=\"3\">\n<p><strong>Predsjednica:<br><\/strong>Vesna Ba\u010di\u0107 Vrca<\/p>\n\n\n\n<p><strong>\u010clanovi:<br><\/strong>Dora Belec<br>Biljana Bla\u017eekovi\u0107<br>Maja Bival \u0160tefan<br>Kristina Ferderber<br>Darko Modun<br>Maja Ortner Had\u017eiabdi\u0107<br>Kristina Pavi\u0107<br>Vesna Pavlica<br>Ivan Pepi\u0107<br>Zrinka Raji\u0107<br>Miranda Serti\u0107<br>Martina \u0160epetavc<br>Anita \u0160imi\u0107<br>Sini\u0161a Tomi\u0107<br>Dinko Vitezi\u0107<\/p>\n<\/div>\n\n\n\n<div class=\"wp-block-gutena-tab gutena-tab-block gutena-tab-block-cb8ece-c6 inactive\" data-tab=\"4\">\n<p><strong>O programu:<\/strong><br>Dario Bri\u0161ki, e-mail:&nbsp;<a href=\"mailto:dario.briski@farmaceut.org\">dario.briski@farmaceut.org<\/a><\/p>\n\n\n\n<p><strong>O promotivnim sadr\u017eajima:<br><\/strong>Marina Carevi\u0107, e-mail: <a href=\"mailto:marina.carevic@farmaceut.org\">marina.carevic@farmaceut.org<\/a><\/p>\n\n\n\n<p><strong>Tehni\u010dki organizator:<\/strong><br>Penta PCO, Izidora Kr\u0161njavoga 25, Zagreb<br>Ana \u017duni\u0107, mob.: +385 91 4033 330, e-mail: <a href=\"mailto:ana.zunic@penta-zagreb.hr\">ana.zunic@penta-zagreb.hr<\/a> <br>Antonio Naran\u010da, mob.: +385 91 4553 200, e-mail: <a href=\"mailto:antonio.naranca@penta-zagreb.hr\" target=\"_blank\" rel=\"noreferrer noopener\">antonio.naranca@penta-zagreb.hr<\/a><\/p>\n<\/div>\n<\/div><\/div>\n","protected":false},"excerpt":{"rendered":"","protected":false},"author":1,"featured_media":0,"parent":0,"menu_order":0,"comment_status":"closed","ping_status":"closed","template":"","meta":{"footnotes":""},"class_list":["post-22","page","type-page","status-publish","hentry"],"_links":{"self":[{"href":"https:\/\/farmaceut.org\/7kongres\/wp-json\/wp\/v2\/pages\/22","targetHints":{"allow":["GET"]}}],"collection":[{"href":"https:\/\/farmaceut.org\/7kongres\/wp-json\/wp\/v2\/pages"}],"about":[{"href":"https:\/\/farmaceut.org\/7kongres\/wp-json\/wp\/v2\/types\/page"}],"author":[{"embeddable":true,"href":"https:\/\/farmaceut.org\/7kongres\/wp-json\/wp\/v2\/users\/1"}],"replies":[{"embeddable":true,"href":"https:\/\/farmaceut.org\/7kongres\/wp-json\/wp\/v2\/comments?post=22"}],"version-history":[{"count":10,"href":"https:\/\/farmaceut.org\/7kongres\/wp-json\/wp\/v2\/pages\/22\/revisions"}],"predecessor-version":[{"id":1112,"href":"https:\/\/farmaceut.org\/7kongres\/wp-json\/wp\/v2\/pages\/22\/revisions\/1112"}],"wp:attachment":[{"href":"https:\/\/farmaceut.org\/7kongres\/wp-json\/wp\/v2\/media?parent=22"}],"curies":[{"name":"wp","href":"https:\/\/api.w.org\/{rel}","templated":true}]}}