{"id":581,"date":"2023-02-14T11:45:54","date_gmt":"2023-02-14T10:45:54","guid":{"rendered":"https:\/\/farmaceut.org\/7kongres\/?page_id=581"},"modified":"2024-01-30T11:05:14","modified_gmt":"2024-01-30T10:05:14","slug":"smjestaj","status":"publish","type":"page","link":"https:\/\/farmaceut.org\/7kongres\/osnovne-informacije\/smjestaj\/","title":{"rendered":"Smje\u0161taj"},"content":{"rendered":"\n<p>7. HRVATSKI KONGRES FARMACIJE s me\u0111unarodnim sudjelovanjem odr\u017eat \u0107e se u Hotelu Valamar Lacroma u Dubrovniku, u periodu 16. &#8211; 19.05.2024.<\/p>\n\n\n\n<p>Smje\u0161taj za sudionike Kongresa osiguran je u <a href=\"https:\/\/www.valamar.com\/hr\/hoteli-dubrovnik\/valamar-lacroma-dubrovnik-hotel\">hotelu Valamar Lacroma<\/a>, <a href=\"https:\/\/www.valamar.com\/hr\/hoteli-dubrovnik\/argosy-hotel\">hotelu Valamar Argosy<\/a>, <a href=\"https:\/\/www.valamar.com\/hr\/hoteli-dubrovnik\/tirena-hotel\">hotelu Valamar Tirena<\/a> i <a href=\"https:\/\/www.valamar.com\/hr\/hoteli-dubrovnik\/valamar-club-dubrovnik\">Club Sunny Hotel by Valamar<\/a>.<\/p>\n\n\n\n<figure data-wp-context=\"{&quot;imageId&quot;:&quot;69e3285366d38&quot;}\" data-wp-interactive=\"core\/image\" data-wp-key=\"69e3285366d38\" class=\"wp-block-image size-full wp-lightbox-container\"><img loading=\"lazy\" decoding=\"async\" width=\"861\" height=\"756\" data-wp-class--hide=\"state.isContentHidden\" data-wp-class--show=\"state.isContentVisible\" data-wp-init=\"callbacks.setButtonStyles\" data-wp-on--click=\"actions.showLightbox\" data-wp-on--load=\"callbacks.setButtonStyles\" data-wp-on-window--resize=\"callbacks.setButtonStyles\" src=\"https:\/\/farmaceut.org\/7kongres\/wp-content\/uploads\/2024\/01\/valamar-dubrovnik-karta.webp\" alt=\"\" class=\"wp-image-1102\" srcset=\"https:\/\/farmaceut.org\/7kongres\/wp-content\/uploads\/2024\/01\/valamar-dubrovnik-karta.webp 861w, https:\/\/farmaceut.org\/7kongres\/wp-content\/uploads\/2024\/01\/valamar-dubrovnik-karta-300x263.webp 300w, https:\/\/farmaceut.org\/7kongres\/wp-content\/uploads\/2024\/01\/valamar-dubrovnik-karta-768x674.webp 768w\" sizes=\"auto, (max-width: 861px) 100vw, 861px\" \/><button\n\t\t\tclass=\"lightbox-trigger\"\n\t\t\ttype=\"button\"\n\t\t\taria-haspopup=\"dialog\"\n\t\t\taria-label=\"Uve\u0107aj\"\n\t\t\tdata-wp-init=\"callbacks.initTriggerButton\"\n\t\t\tdata-wp-on--click=\"actions.showLightbox\"\n\t\t\tdata-wp-style--right=\"state.imageButtonRight\"\n\t\t\tdata-wp-style--top=\"state.imageButtonTop\"\n\t\t>\n\t\t\t<svg xmlns=\"http:\/\/www.w3.org\/2000\/svg\" width=\"12\" height=\"12\" fill=\"none\" viewBox=\"0 0 12 12\">\n\t\t\t\t<path fill=\"#fff\" d=\"M2 0a2 2 0 0 0-2 2v2h1.5V2a.5.5 0 0 1 .5-.5h2V0H2Zm2 10.5H2a.5.5 0 0 1-.5-.5V8H0v2a2 2 0 0 0 2 2h2v-1.5ZM8 12v-1.5h2a.5.5 0 0 0 .5-.5V8H12v2a2 2 0 0 1-2 2H8Zm2-12a2 2 0 0 1 2 2v2h-1.5V2a.5.5 0 0 0-.5-.5H8V0h2Z\" \/>\n\t\t\t<\/svg>\n\t\t<\/button><\/figure>\n\n\n\n<p>Rezervacija smje\u0161taja mogu\u0107a je kroz obrazac za registraciju i <strong>samo uz dokaz o uplati kotizacije<\/strong> (va\u0161a rezervacija je potvr\u0111ena uplatom cjelokupnog iznosa do datuma navedenog u poslanoj ponudi od strane tehni\u010dkog organizatora)!<br>Smje\u0161tajni kapaciteti popunjavat \u0107e se prema primitku rezervacije i uplate, do popunjenja.<\/p>\n\n\n\n<p>Rok za rezervaciju smje\u0161taja je&nbsp;<strong>5. svibnja 2024.<\/strong><\/p>\n\n\n\n<figure class=\"wp-block-table\"><table><thead><tr><th>HOTEL<\/th><th class=\"has-text-align-center\" data-align=\"center\">CIJENA JEDNOKREVETNE SOBE<\/th><th class=\"has-text-align-center\" data-align=\"center\">CIJENA DVOKREVETNE SOBE<\/th><\/tr><\/thead><tbody><tr><td>HOTEL&nbsp;VALAMAR&nbsp;LACROMA&nbsp;DUBROVNIK&nbsp;4*<\/td><td class=\"has-text-align-center\" data-align=\"center\">210,00 EUR<\/td><td class=\"has-text-align-center\" data-align=\"center\">235,00 EUR<\/td><\/tr><tr><td>HOTEL VALAMAR ARGOSY 4*<\/td><td class=\"has-text-align-center\" data-align=\"center\">210,00 EUR<\/td><td class=\"has-text-align-center\" data-align=\"center\">235,00 EUR<\/td><\/tr><tr><td>HOTEL VALAMAR TIRENA 4*<\/td><td class=\"has-text-align-center\" data-align=\"center\">210,00 EUR<\/td><td class=\"has-text-align-center\" data-align=\"center\">235,00 EUR<\/td><\/tr><tr><td>CLUB SUNNY HOTEL BY VALAMAR 3*<\/td><td class=\"has-text-align-center\" data-align=\"center\">155,00 EUR<\/td><td class=\"has-text-align-center\" data-align=\"center\">180,00 EUR<\/td><\/tr><\/tbody><\/table><\/figure>\n\n\n\n<p><strong>Navedene cijene odnose se na no\u0107enje po sobi te uklju\u010duju:<\/strong>&nbsp;<\/p>\n\n\n\n<ul class=\"wp-block-list\">\n<li>no\u0107enje s doru\u010dkom&nbsp;<\/li>\n\n\n\n<li>PDV&nbsp;<\/li>\n\n\n\n<li>boravi\u0161nu pristojbu&nbsp;<\/li>\n<\/ul>\n\n\n\n<p><strong>Va\u017eno:<\/strong>&nbsp;u slu\u010daju da sudionik nije u mogu\u0107nosti sudjelovati na konferenciji, potrebno je pisanim putem obavijestiti tehni\u010dkog organizatora na email <a href=\"mailto:ana.zunic@penta-zagreb.hr\">ana.zunic@penta-zagreb.hr<\/a>.<\/p>\n","protected":false},"excerpt":{"rendered":"<p>7. HRVATSKI KONGRES FARMACIJE s me\u0111unarodnim sudjelovanjem odr\u017eat \u0107e se u Hotelu Valamar Lacroma u Dubrovniku, u periodu 16. &#8211; 19.05.2024. Smje\u0161taj za sudionike Kongresa osiguran je u hotelu Valamar Lacroma, hotelu Valamar Argosy, hotelu Valamar Tirena i Club Sunny Hotel by Valamar. Rezervacija smje\u0161taja mogu\u0107a je kroz obrazac za registraciju i samo uz dokaz [&hellip;]<\/p>\n","protected":false},"author":228,"featured_media":0,"parent":33,"menu_order":0,"comment_status":"closed","ping_status":"closed","template":"","meta":{"footnotes":""},"class_list":["post-581","page","type-page","status-publish","hentry"],"_links":{"self":[{"href":"https:\/\/farmaceut.org\/7kongres\/wp-json\/wp\/v2\/pages\/581","targetHints":{"allow":["GET"]}}],"collection":[{"href":"https:\/\/farmaceut.org\/7kongres\/wp-json\/wp\/v2\/pages"}],"about":[{"href":"https:\/\/farmaceut.org\/7kongres\/wp-json\/wp\/v2\/types\/page"}],"author":[{"embeddable":true,"href":"https:\/\/farmaceut.org\/7kongres\/wp-json\/wp\/v2\/users\/228"}],"replies":[{"embeddable":true,"href":"https:\/\/farmaceut.org\/7kongres\/wp-json\/wp\/v2\/comments?post=581"}],"version-history":[{"count":10,"href":"https:\/\/farmaceut.org\/7kongres\/wp-json\/wp\/v2\/pages\/581\/revisions"}],"predecessor-version":[{"id":1103,"href":"https:\/\/farmaceut.org\/7kongres\/wp-json\/wp\/v2\/pages\/581\/revisions\/1103"}],"up":[{"embeddable":true,"href":"https:\/\/farmaceut.org\/7kongres\/wp-json\/wp\/v2\/pages\/33"}],"wp:attachment":[{"href":"https:\/\/farmaceut.org\/7kongres\/wp-json\/wp\/v2\/media?parent=581"}],"curies":[{"name":"wp","href":"https:\/\/api.w.org\/{rel}","templated":true}]}}